
Calculate the greatest common divisor of 100 and 8340.
20
What is the greatest common factor of 3263981 and 7?
7
What is the greatest common divisor of 2087 and 3?
1
What is the greatest common divisor of 136 and 10816?
8
What is the greatest common divisor of 3510 and 20358?
702
Calculate the greatest common factor of 2046 and 2442.
66
What is the greatest common divisor of 1288 and 3542?
322
Calculate the greatest common factor of 146620 and 140.
20
Calculate the greatest common divisor of 80 and 3826880.
80
What is the highest common divisor of 7805 and 669?
223
Calculate the greatest common factor of 324 and 2556.
36
Calculate the greatest common divisor of 2343 and 29535.
33
Calculate the greatest common factor of 2945 and 369892.
589
What is the highest common factor of 1264 and 424?
8
Calculate the greatest common factor of 132 and 1157970.
66
Calculate the highest common factor of 184680 and 304.
152
What is the greatest common divisor of 42 and 55377?
21
Calculate the greatest common factor of 16784 and 2432.
16
What is the greatest common divisor of 6534 and 48642?
726
Calculate the greatest common factor of 7752 and 96.
24
What is the highest common factor of 2770 and 201933?
277
What is the greatest common factor of 21 and 62531?
7
What is the highest common divisor of 139913 and 181?
181
What is the highest common divisor of 192255 and 105?
105
Calculate the greatest common divisor of 100 and 10335400.
100
Calculate the greatest common divisor of 459 and 14909.
17
Calculate the greatest common divisor of 16 and 2713072.
16
What is the greatest common factor of 20 and 1870340?
20
What is the greatest common factor of 3274 and 358?
2
Calculate the greatest common divisor of 8860 and 15.
5
Calculate the greatest common divisor of 587433 and 231.
231
Calculate the highest common divisor of 260 and 1948.
4
What is the highest common factor of 284 and 206?
2
What is the greatest common divisor of 68 and 3842?
34
Calculate the highest common factor of 25098 and 180759.
267
Calculate the highest common divisor of 4514 and 149938.
122
What is the greatest common factor of 461950 and 75?
25
What is the greatest common divisor of 11051 and 15136?
43
Calculate the greatest common factor of 1085 and 1225.
35
What is the greatest common factor of 294 and 533512?
98
Calculate the highest common factor of 956746 and 56.
14
Calculate the greatest common factor of 336 and 211722.
42
What is the greatest common divisor of 42436 and 309?
103
Calculate the greatest common factor of 6356 and 27694.
454
Calculate the highest common divisor of 16 and 6700784.
16
What is the greatest common factor of 382 and 268?
2
Calculate the highest common divisor of 75 and 2551375.
25
What is the greatest common factor of 200 and 655240?
40
Calculate the greatest common factor of 49705 and 5.
5
What is the highest common factor of 164947 and 18784?
587
What is the highest common factor of 64512 and 96?
96
Calculate the greatest common factor of 153 and 168895.
17
What is the highest common factor of 270 and 301995?
135
Calculate the greatest common divisor of 7622 and 26471.
103
Calculate the highest common divisor of 2222258 and 226.
226
What is the highest common divisor of 3591336 and 168?
168
Calculate the highest common factor of 344 and 107672.
344
What is the greatest common factor of 8 and 3831668?
4
What is the greatest common factor of 171934 and 126?
14
What is the highest common divisor of 422 and 250?
2
Calculate the greatest common factor of 27775 and 3575.
275
Calculate the greatest common divisor of 162 and 1109826.
18
Calculate the highest common divisor of 85 and 2850509.
17
What is the highest common divisor of 28720 and 160?
80
What is the highest common divisor of 107 and 784738?
107
Calculate the greatest common factor of 12673 and 45733.
551
Calculate the highest common divisor of 13936 and 11648.
208
Calculate the greatest common factor of 130350 and 2844.
474
Calculate the greatest common factor of 82 and 10291.
41
What is the greatest common divisor of 725 and 65425?
25
What is the highest common divisor of 3724 and 1672?
76
What is the highest common factor of 32 and 171152?
16
What is the greatest common divisor of 1177 and 37664?
1177
What is the greatest common factor of 1104 and 786?
6
What is the highest common divisor of 27 and 4194?
9
What is the greatest common factor of 231 and 1056?
33
Calculate the highest common divisor of 30 and 48900.
30
Calculate the greatest common factor of 26 and 19097.
13
Calculate the highest common divisor of 8356 and 8.
4
What is the greatest common divisor of 5 and 238565?
5
Calculate the greatest common divisor of 100 and 412700.
100
What is the greatest common factor of 1246278 and 138?
138
What is the highest common factor of 1350 and 567990?
90
What is the greatest common divisor of 648698 and 172?
86
What is the highest common divisor of 25 and 61445?
5
What is the greatest common factor of 17794 and 24395?
287
What is the highest common divisor of 567 and 16119?
81
What is the greatest common factor of 1113 and 39909?
159
What is the greatest common factor of 4945 and 9675?
215
Calculate the highest common divisor of 217 and 23963.
31
What is the greatest common divisor of 3104 and 196?
4
Calculate the greatest common factor of 19035 and 27783.
81
What is the highest common factor of 506 and 9407?
23
What is the greatest common factor of 90 and 178830?
90
Calculate the highest common factor of 81422 and 682.
22
Calculate the greatest common divisor of 5797 and 247027.
187
What is the greatest common divisor of 162 and 19305?
27
Calculate the highest common divisor of 1720 and 40.
40
What is the greatest common factor of 1863 and 35811?
207
Calculate the highest common factor of 20370 and 110.
10
What is the greatest common divisor of 67025 and 76983?
383
What is the highest common factor of 61479 and 253?
253
Calculate the greatest common divisor of 1030 and 1767274.
206
Calculate the highest common factor of 15 and 2055.
15
Calculate the greatest common divisor of 72460 and 1090.
10
Calculate the greatest common factor of 5124 and 24276.
84
Calculate the highest common divisor of 76 and 179759.
19
What is the greatest common divisor of 65 and 2707055?
65
Calculate the greatest common divisor of 6142 and 10126.
166
What is the greatest common divisor of 2188365 and 1295?
185
Calculate the highest common factor of 552 and 41784.
24
Calculate the highest common divisor of 278 and 662335.
139
What is the greatest common factor of 457 and 109?
1
What is the highest common divisor of 66 and 256674?
66
What is the greatest common factor of 111 and 23125?
37
What is the greatest common divisor of 364280 and 14?
14
What is the greatest common divisor of 5718 and 240?
6
What is the greatest common factor of 318 and 313071?
159
Calculate the greatest common factor of 21725 and 125.
25
Calculate the highest common divisor of 279611 and 46.
23
Calculate the highest common factor of 4320 and 363780.
180
What is the highest common divisor of 445 and 706393?
89
What is the greatest common divisor of 23493 and 1719?
573
Calculate the greatest common factor of 769552 and 154.
14
Calculate the greatest common factor of 379475 and 2150.
1075
Calculate the greatest common divisor of 18564 and 420.
84
What is the greatest common factor of 2448 and 333?
9
Calculate the greatest common factor of 12000 and 75792.
48
What is the highest common factor of 60254 and 103842?
1282
Calculate the greatest common divisor of 637 and 1074346.
91
What is the highest common factor of 12051 and 91?
13
What is the greatest common divisor of 90 and 221115?
15
Calculate the greatest common divisor of 320 and 705760.
160
Calculate the highest common factor of 5208 and 20274.
186
What is the greatest common divisor of 193696 and 176?
16
Calculate the greatest common factor of 103050 and 1050.
150
What is the greatest common factor of 5 and 24400?
5
Calculate the highest common divisor of 249 and 18343.
83
Calculate the greatest common divisor of 35641 and 3074.
29
What is the highest common divisor of 42957 and 81?
27
Calculate the greatest common factor of 414 and 4986.
18
What is the greatest common divisor of 786522 and 792?
66
